3 - (-3 + (5 - 4)))).
-3
Calculate 1 + (-6 - 7) - (1 - (0 + 3)).
-10
1 + -5 - (18 - (-25 - -52))
5
23 + -19 + (-9 - -5)
0
Evaluate -5 - (-6 - -10) - -17.
8
Calculate 2 - ((0 - -6 - 9) + -8).
13
-6 - (-48 - (-14 + -14 + 14))
28
Evaluate -20 + 25 + (18 - 2).
21
What is -11 + (13 - (-13 - -31) - -1)?
-15
Calculate 1 + 0 - (-38 + (-8 - -31)).
16
What is the value of -6 - (2 + -15 - (-2 - (7 - 11)))?
9
What is the value of -8 + -16 + (8 - 1)?
-17
What is 0 - (-1 - -8 - (-57 + 59))?
-5
What is the value of 10 - ((3 - (4 - 3)) + -234 + 224)?
18
What is the value of 5 + 8 + -9 + 4?
8
Evaluate 10 + -18 - 1 - (14 + -5).
-18
What is the value of (0 - -1 - (-1 - -5)) + -642 + 649?
4
1 + 6 + -13 + 4 - -15
13
Evaluate -18 - (10 + -10) - -6.
-12
What is the value of (39 - 8) + -37 + -1 + 1 + 14?
8
Calculate -31 + -2 + 30 + -3 + 6.
0
What is 1 - (7 - -1) - (-22 - (4 - 24))?
-5
What is the value of 17 + (12 + -23 - -14) + -19?
1
Calculate -14 + -36 + 36 + -13.
-27
What is 1 - 0 - ((1 - 17) + 27)?
-10
Calculate 5 - -4 - (7 + -9).
11
Calculate -33 + (13 - (-57 + 38)).
-1
What is -7 + -7 + (8 - (2 + -20)) + -3?
9
Calculate 26 - (-101 - -109 - (-2 + (10 - 2))).
24
What is 1 - 32 - (-963 - -908)?
24
Calculate (-24 - -14) + (-3 - -3).
-10
What is the value of 9 - 7 - 28 - (8 - (24 - 9))?
-19
What is the value of 5 + (9 - 29) - (-2 + -31)?
18
-69 - -83 - (0 + -5)
19
What is the value of -2 + -2 + 3 + (-2 - -6) + -1?
2
Evaluate (-172 - -171) + 1 + -10.
-10
What is the value of -19 + 37 + 36 + -49?
5
-13 + (-1 - -1) - (2671 + -2700)
16
Evaluate (3 - (1 + 1 - 4)) + (430 - 421).
14
What is 17 - 1 - (77 - 62 - -4)?
-3
14 + (-27 - -25) + (-7 - -2)
7
Evaluate (5 - (19 - 4)) + (14 - 2).
2
What is the value of -14 - (-1 - 24) - 9?
2
Evaluate (17 - (19 + -40)) + -34.
4
What is the value of -16 + (15 - (-25 - -7))?
17
-26 + 0 + -5 + (83 - 85)
-33
3 + -3 + (-6 - -17) - 3
8
(-1 - 7) + (5 + -8 - -9) + -24
-26
What is -1 - 8 - (-8 - -5 - -5)?
-11
What is (-5 - (-34 - -56)) + 55?
28
Evaluate (3 - (7 - 1)) + -1 - (5 - 0).
-9
What is the value of 6 + 2 + 3 + 31 + -37?
5
Calculate -2 + 21 + (164 - 165) + 6.
24
Calculate 9 + 3 + -5 + (130 - 117).
20
What is (-1 - -9) + -5 + 4 + 7?
14
Evaluate 8 + 3 + (-14 - 2).
-5
What is the value of (1 - -12) + (148 + -48 - 102)?
11
Calculate -11 + (-3 - -3) + 4.
-7
What is the value of (-12 - (-27 - -6)) + 9?
18
Calculate -3 - -69 - (-300 - -336).
30
Calculate 5 + 11 + 1 + -1 + 0 + -4.
12
What is (-6 - (-4 - -2)) + (-11 - -21) + -1?
5
Calculate (-5 - -8) + (-4 - 2).
-3
What is -25 + (18 + -24 - -41) + 1 + 0?
11
-13 + (37 + -21 - 18)
-15
7 - (-44 - -118 - 38)
-29
Calculate 1 + 1 - (-23 + 19 + 12 - -20).
-26
-6 - -2 - ((7 - -18) + (-9 - -1))
-21
(7 - (2 + 0)) + (126 - 135)
-4
Evaluate -18 + (-22 - -9) + 36.
5
2 - ((0 - (-1 - -3)) + -3)
7
Calculate -3 - (3 + -4) - (31 + -9 + -4).
-20
What is (7 + (-11 - 5) - -12) + 0?
3
What is 3 + 1 - (5 - (-44 - -37))?
-8
(9 - -1) + (13 - 18) + 16
21
Evaluate -4 + -2 + 1 + (-14 - -36).
17
Calculate 6 - 0 - (0 + -3 + -3 + 4).
8
Evaluate (24 - 20) + 25 + -22.
7
Evaluate (-31 - -28) + (-4 - -18) + -7.
4
What is the value of 9 + -2 + -14 + (-16 - -14)?
-9
(401 - 399) + 11 + -2 + 4 + 0
15
What is the value of (-1 - 0) + (-9 - (1 + 0 - 7))?
-4
Evaluate 15 + -10 + (2 + -1 - -4 - 0).
10
Evaluate -23 + 26 + -60 + 35.
-22
Evaluate (78 - 134) + 75 - (0 - 5).
24
What is the value of 1 + 24 + (4 - 14) + (1 - 8)?
8
14 + (-16 - 18) - -24
4
(3 - 8 - -1) + 6 + 8
10
Evaluate -1 + 15 + -2 - (-164 - -186).
-10
What is 0 + (28 + 27 - 29)?
26
What is -40 - -46 - (-1 + -2 + 21)?
-12
Evaluate (26 - 15) + -5 + -16 + 21.
11
What is the value of -2 + 0 + -2 + -212 + 206?
-10
What is -31 + 9 + 20 + -5?
-7
What is the value of -10 + -34 + 13 - -9?
-22
Evaluate 18 - -11 - 46 - (0 - 20).
3
-2 + 7 - (25 + -16 + (-6 - -6))
-4
What is 54 - (6 + 19) - 38?
-9
Calculate 0 + -15 + (12 - 3) - -8.
2
Evaluate -13 + (-4 - 3 - 1) + 10.
-11
-27 - -13 - -10 - (-16 + 2) - -12
22
What is (15 - (7 + -14 + 11)) + (-5 - 5)?
1
3 - -2 - (-17 + 27) - (-3 + 3)
-5
What is the value of -123 - -123 - (1 + (3 - 6))?
2
Evaluate -1 - -4 - (-14 + 2 - -36 - 10).
-11
Evaluate 3 - (15 - (-2 - -14)).
0
-39 + (12 - -8) + 9
-10
Calculate 12 - (53 + -1 + -9 - 7).
-24
What is the value of -4 - 1 - (-25 + 35 + -19)?
4
What is (-16 - -12) + 6 - 1?
1
Calculate -63 + 1 + 62 - (1 - (1 - 0)).
0
What is 0 + -15 - (-636 + 606)?
15
Calculate 30 + 17 + -30 - 13.
4
What is 0 + -9 - 15 - -15?
-9
Calculate (-2 + 17 - -6) + -2 + 0.
19
What is the value of -87 - -108 - (38 + -1)?
-16
Calculate 8 + -26 - (-5 + -2) - (-9 - -2).
-4
Calculate (26 - 10) + 4 + -2 + 14.
32
What is (-7 - -11 - -7 - 18) + -7 + 10?
-4
Evaluate -4 - (-5 + 5 + 0).
-4
Evaluate (-2 - 8 - (14 - 7)) + 3.
-14
What is the value of 51 + -51 + -1 - (-10 - -1 - 0)?
8
232 + -228 + (1 - 6) + -3 + 5
1
Evaluate 9 + (-26 + 0 - -17).
0
What is the value of 38 + -15 - 19 - (6 - -1)?
-3
(-3 - (7 + -8)) + 38 + -3 - 8
25
What is (12 - 1) + (11 + 4 - 39) + -9?
-22
What is the value of (5 - (-8 - -10)) + 11 + 0 + -2?
12
What is the value of 3 - (19 + -24 + -14 + -1 + 1)?
22
Calculate (-4 - 9) + (-44 - -66) - (-2 + -5).
16
Calculate 2 + (24 - (21 + -2)).
7
What is (-1 - (-34 - -1 - (-129 - -121))) + 4?
28
(-3 - (-11 + 2)) + (-7 - 0 - 4)
-5
Calculate -11 + -18 + 16 - -20.
7
What is (-1 - (-6 + (-3 - 0))) + 1?
9
Evaluate -6 + 12 + -11 + 8 - -3.
6
What is the value of 3 + -13 + 0 + (6 - 12)?
-16
32 + (-1 - 4) - (22 + 6 + -22)
21
Evaluate 6 + (6 - 12 - 2) + 13.
11
(13 - 20 - 8) + 41 - -1
27
(0 - (19 - 6)) + 5
-8
What is (5 - (26 + -8)) + 2 + -1?
-12
What is 6 + (-10 - ((-11 - -14) + -21))?
14
Evaluate 7 + -4 - 7 - (2 - 14).
8
What is 16 + -4 + 3 + -1 - (-43 + 51)?
6
What is 15 + -16 + -7 + 25?
17
What is the value of -1 - (14 - -1) - (-4147 - -4100)?
31
What is the value of (-48 - -54) + (-6 - (0 - -9))?
-9
What is the value of -17 + -14 + 24 + 3?
-4
Evaluate 43 - (5 + 74 + -42).
6
Calculate 98 - 122 - (-7 - -1) - (-7 + 7).
-18
What is -6 + 23 - 9 - 0?
8
Calculate -3 - -6 - -11 - 5 - (126 - 114).
-3
Calculate (-8 - -18) + 0 - 3.
7
Calculate (1 - 13) + 24 + 0 - 32.
-20
Evaluate -7 - ((0 - (-4 - 8)) + -8).
-11
What is -2 + (-1 - 2) + -4 + 9?
0
What is 16 + 3 + (-3 - 14)?
2
What is the value of (-2 - -7) + (39 - 11) + -12?
21
-1 + 7 + 2 - (-1 + (28 - 27))
8
-101 - -68 - (-6 + -21)
-6
What is -8 + 2 + 12 + -17?
-11
What is 16 - (20 - (66 - 34))?
28
What is -2 - 3 - 12 - (5 + -6)?
-16
Calculate 21 - (-8 + (-5 + -3 - -12)).
25
Calculate (30 - 11) + -14 - 18.
-13
-75 - -10 - (9 + -44)
-30
Evaluate -3 + -2 - 25 - 14 - -5.
-39
What is (50 - 32 - (1 + 16)) + -30?
-29
What is 16 + -47 + 25 - (-2 + 2 + 1)?
-7
What is 10 - (1 + -8 - -9)?
8
What is the value of (50 + -52 - (-12 - 0) - -14) + 5?
29
(1 - 8) + 1 + 0 + (9 - 11)
-8
(-72 - (37 + -49)) + 39
-21
Evaluate 17 - (12 + 4 + 8 + -24).
17
Calculate 5 + 3 + 1 + -11.
-2
What is the value of (4 - (-17 - 7)) + 6 + -13?
21
Evaluate -18 + 33 + -14 - 13.
-12
38 - 35 - -24 - 7
20
67 + -2 + (-119 - -73)
19
Calculate (-43 + 48 - (0 - 0)) + 9.
14
Calculate 7 - (5 - (-67 - -31)).
-34
What is (14 - 2) + (-3 - -1) + 188 + -193?
5
Calculate 3 + -24 + 2 - -19.
0
-2 - (9 - -1) - -11
-1
-14 + 23 + -2 - -2
9
What is the value of -5 - (5 - 0) - (-6 + 2 + -2)?
-4
Calculate (125 - 129) + (-2 - (-14 + -2 + 2)).
8
Calculate 11 - 0 - (-17 - (-24 + (9 - 7))).
6
Evaluate 0 + 7 - (-36 + 60 + -20).
3
What is the value of 12 + (-3 + 5 - -5) + 29 + -43?
5
What is 8 + (22 - (11 - -2)) - (1 + 1)?
15
-18 - (-6 + -8 + 1 + 14 - 7)
-12
Calculate 3 + 1 + (6 - 18).
-8
Evaluate 16 - (1 - 9 - (-1 - (0 - -1))).
22
Calculate (26 - 5 - 6) + -13 + -14.
-12
What is 9 + -7 + (-5 - -12) + 3?
12
What is the value of -185 - -187 - (1 - 12)?
13
What is (-1 - 6) + (6 + 15 - 10)?
4
Evaluate -40 + (10 - -18) + 22.
10
Evaluate -5 + (4 + -31 - -9) - -9.
-14
What is the value of -798 + 816 - (26 - -1)?
-9
Calculate (28 + 0 - 4) + (5 - (8 + 8)).
13
What is (-17 + 11 - -33) + (5 - -3)?
35
What is the value of 1 + -4 - (-2 + (-8 + 5 - -2))?
0
Evaluate -14 + 2 + (746 - 727).
7
What is the value of (2 - 5 - (2 + 1)) + (-465 - -486)?
15
Evaluate 13 + (-13 - -6) + -16.
-10
What is -5 + 0 + -10 + 9?
-6
(-21 - -6) + -7 + 12 + -5
-15
-24 - -26 - (-2 + 6) - -8
6
What is 29 - (2